 38 + -36. What is the greatest common factor of m and 10?
2
Let c(v) = v**3 + 2*v**2 - 4*v - 3. Let a be c(-3). Suppose l - 54 + 14 = a. Suppose -4*k + 9*k - 50 = 0. Calculate the highest common divisor of k and l.
10
Let t(n) = 2*n - 12. Let m be t(9). What is the greatest common divisor of 9 and m?
3
Suppose 4*n - j + 173 = 545, 3*n = -3*j + 294. Suppose -n = 5*t - 1629. Let l = t + -76. What is the highest common divisor of l and 21?
21
Suppose 3*s = 5*w - 29 + 169, s + 3*w = 28. Suppose -4*a - 140 = -2*j, 2*a = 5*a + 15. Calculate the highest common divisor of s and j.
20
Let n(d) = d**3 + 3*d**2 - 2*d + 4. Let q be n(-4). Let l = q - -14. What is the highest common factor of l and 40?
10
Let n be 13/(2/((-4)/6*-9)). What is the highest common divisor of n and 52?
13
Let k be 1*5*(-8)/(-20). Let n be -2 - 12*-1 - k. Calculate the highest common factor of n and 16.
8
Let x be (-2)/4 - (-21)/2. Calculate the greatest common divisor of x and 5.
5
Let u(a) = -a**3 - 6*a**2 - a - 7. Let l be u(-6). Let k be (6 - 1) + (-1 - l). Calculate the greatest common divisor of 20 and k.
5
Let d(y) = -y**3 - 5*y**2 + 5*y - 6. Let g be d(-6). Suppose i - 550 = -g*i. Let j be i/35 + 4/14. Calculate the highest common divisor of 4 and j.
4
Suppose 0*l = -l + 184. Calculate the greatest common factor of l and 23.
23
Let l = 160 + -41. Calculate the highest common divisor of 17 and l.
17
Let u be -14*((-6)/4)/(-3). Let i be 3*-1*(-26)/(-6). Let q = u - i. What is the greatest common factor of 18 and q?
6
Let r(u) = 3*u - 16. Let d(v) = v + 1. Let q(o) = 4*d(o) - r(o). Let g be q(0). What is the greatest common divisor of g and 20?
20
Let c(k) = 2*k**2 + 9*k + 13. Let x be c(-7). Calculate the greatest common factor of x and 432.
48
Suppose 12 = 2*l - 2. What is the highest common divisor of l and 7?
7
Let q be (-6)/(-21) - 215/(-7). Suppose -5*r - 6 + q = 0. Suppose r*f - 296 = 419. Calculate the highest common divisor of 13 and f.
13
Let l(w) = -5*w + 5. Let x(j) = -j**3 - 2*j**2 + 2*j - 1. Let h be x(-2). Let o be l(h). What is the highest common divisor of o and 20?
10
Let k(f) = 2*f**3 - 23*f**2 + 16*f - 33. Let t be k(11). Calculate the highest common divisor of 22 and t.
22
Let u be 18 + 4/((-8)/(-6)). Let c = 28 - u. What is the greatest common divisor of 14 and c?
7
Let o be 84/(-7)*3/(-12). Suppose -4*b - g + 52 = o*g, -5*b = 3*g - 69. Calculate the highest common factor of b and 3.
3
Let w(k) = 3*k. Let o be w(1). Suppose l - o*z = -11, -3*l + 22 = -2*z + 4*z. Suppose 2*g - g - 44 = 0. What is the highest common divisor of g and l?
4
Let n(q) = -3*q**3 + 1. Let i be n(-1). Let b(p) = p**3 - p + 2. Let u be (-1)/5 + (-9)/(-45). Let v be b(u). Calculate the highest common factor of i and v.
2
Suppose -5*a - 2*d = -683, -2*a = 3*a - d - 671. Let u(b) = b - 2. Let g be u(2). Let l be g/5 - (-30)/2. Calculate the greatest common divisor of a and l.
15
Suppose 17*g = 197 + 75. Calculate the highest common divisor of g and 144.
16
Let a be 360/(-16)*(-18)/15. Calculate the greatest common factor of 27 and a.
27
Suppose -3*x + 20 = 2*x. Suppose -4*s + 12 = 4*m, 0*s + x*m + 44 = 3*s. Calculate the greatest common divisor of 12 and s.
4
Let k = 0 + 0. Suppose -2*u = -k - 12. Suppose 0 = -4*l - l + 10. What is the highest common divisor of u and l?
2
Let u be -3*-1*3/9. Let x be (4/8)/(u/14). Calculate the highest common factor of x and 28.
7
Let q be -2 + -1 + 35/1. Calculate the greatest common divisor of 48 and q.
16
Let i(y) = y**2 + 7*y + 7. Let k(m) = -m**3 + 2*m**2 + 3. Let d be k(3). Let q be i(d). Let l = 24 - 22. Calculate the highest common factor of q and l.
1
Let u = 8 - 6. Suppose u*s = k - 2, -3*k = -5*s - 8 - 3. Suppose -y + 4*y - k = 0. What is the highest common divisor of y and 2?
2
Let o = -23 - -27. Calculate the greatest common divisor of 1 and o.
1
Let o = -17 + 24. Suppose 0*n + 2*n - j - 10 = 0, -10 = -2*n + 2*j. Suppose -n*y = -6*y + 56. What is the highest common factor of y and o?
7
Let o(d) = 2*d**2 + 3*d - 4. Let y be o(4). Suppose -13 = 10*l - 1013. Calculate the greatest common divisor of y and l.
20
Let p = -183 - -189. Let q = 116 - 80. Calculate the greatest common factor of q and p.
6
Let g(z) be the third derivative of -z**4/8 - z**3 + 5*z**2. Let v be g(-4). What is the greatest common divisor of 9 and v?
3
Let l(m) = 2*m**2 - 8. Let d = -13 - -7. Let t be l(d). Let v be ((-4)/10)/((-1)/20). Calculate the highest common factor of v and t.
8
Let a be 24/(-3)*(-6)/16. Calculate the greatest common divisor of a and 24.
3
Suppose -2*b - 8 = -q + 11, 2*b = -6. Suppose -3*c + 0*c = -3. Let i be c/(-3)*(-76 + -2). What is the highest common divisor of q and i?
13
Suppose -2*m + 26 = m - u, -4*m = 2*u - 48. Suppose 6*a - a = 3*g + 553, 0 = -4*a - g + 439. Calculate the highest common factor of m and a.
10
Suppose -6*m + 270 = -m. Suppose 65 = -5*u - 5*k + k, 0 = 3*k + 15. Let b = u + 15. What is the greatest common divisor of m and b?
6
Let i(d) = 10*d**3 + d - 1. Let j be i(1). Let q be 1*(0 + 2) - 118. Let u = q + 226. What is the highest common factor of u and j?
10
Suppose 3*x - 2 = 4. Let z = -4 + x. Let q = 8 + z. Calculate the highest common factor of q and 9.
3
Suppose 0 = 2*i + i - 6. Suppose 0 = -i*w + 20 + 8. Let h be 1408/28 - 4/w. What is the greatest common divisor of 20 and h?
10
Let w = -104 - -285. Let d be (w - (-1 - -2)) + 0. What is the highest common factor of 18 and d?
18
Suppose -22*j = -20*j - 40. Let h(p) = 7*p**3 + p**2 - p + 2. Let u be h(2). Calculate the greatest common factor of j and u.
20
Let z(s) be the first derivative of -s**3/3 + 5*s**2 + 4*s - 3. Let w be z(7). Suppose g = 2*g - w. Calculate the greatest common factor of g and 10.
5
Let u = 30 - 44. Let m be u/(-35) - (-1153)/5. Calculate the highest common factor of m and 33.
33
Suppose z - 15 = -0. Suppose 2*r - z - 1 = 0. Let l(n) = -24*n. Let w be l(-1). Calculate the highest common divisor of w and r.
8
Suppose -2*j = -2*v - 0*v - 36, 2*j + 4*v = 60. Suppose 13 = w - j. Calculate the highest common factor of w and 7.
7
Let q = -31 - -49. Suppose -2*a + q = a. Calculate the highest common divisor of 66 and a.
6
Let d(w) = 36*w**3 - 2*w**2 + 2*w - 1. Let j be d(1). Calculate the greatest common divisor of 14 and j.
7
Let q be (-6)/4*(-280)/21. Let r = 95 - 45. What is the greatest common factor of q and r?
10
Suppose 9*o = 4*o + 20. Let f be -14*(-3 - (-10)/o). What is the greatest common divisor of 7 and f?
7
Let w(i) = i**2 - 2*i + 3. Let y be w(2). Let j(r) = r**2 + 2*r. Let h be j(2). Let l be (2 + h/(-6))*9. What is the greatest common divisor of y and l?
3
Suppose -24 = -3*b - b. Calculate the highest common divisor of 18 and b.
6
Let f be (-99)/15 - (-6)/10. Let b be 1/(-3) + (-68)/f. What is the greatest common divisor of b and 33?
11
Suppose -3*z + 30 = -21. Suppose -z*w + 54 = -16*w. Calculate the highest common divisor of 6 and w.
6
Let f = 166 - 103. Calculate the greatest common divisor of f and 7.
7
Let r(m) = -m**3 - 7*m**2 + 5*m - 10. Let s be r(-8). Let u = s + -6. What is the greatest common factor of 20 and u?
4
Suppose 3 = 3*h - 213. Let d be (-2)/(-3) - (-456)/(-9). Let q = d + h. Calculate the greatest common divisor of 55 and q.
11
Suppose 2*j - 5*v = -1, 6*j - 10 = 11*j - 5*v. Let p = -3 - j. Suppose p*b - 22 = -b. What is the highest common divisor of 11 and b?
11
Suppose -2*r = -496 + 100. Calculate the greatest common divisor of 18 and r.
18
Suppose 2*n = -t + 22, -2*t - 4*n = 2*t - 104. Calculate the highest common factor of t and 10.
10
Let g = 69 + -41. Suppose -1 = 6*x - 25. Let k be (-2)/x*-2 - -13. What is the highest common divisor of k and g?
14
Let u(x) = -3*x**2 - 4*x - 3. Let r be u(-2). Let w = r - -31. Let m = -66 - -69. Calculate the highest common factor of m and w.
3
Suppose -231 = -4*o + 5*v, 7*v - 3*v = 5*o - 282. Suppose -6 + o = 3*y. Calculate the highest common divisor of y and 16.
16
Suppose s - t - 8 = 0, -3*s + 5*t + 0*t + 32 = 0. What is the highest common factor of 56 and s?
4
Suppose -5*r + 112 = -28. What is the highest common factor of r and 4?
4
Suppose -4*y + 2*y + 18 = 0. What is the highest common divisor of 63 and y?
9
Let n(h) = -h**3 + 5*h**2 - 4*h - 3. Let o be n(3). What i